of 43051155 and 525.
105
What is the greatest common divisor of 18 and 26690265?
9
Calculate the greatest common factor of 111664 and 35837165.
6979
What is the highest common factor of 231625288 and 24?
8
What is the highest common factor of 3100080 and 45?
15
What is the greatest common factor of 36950992 and 1652?
236
What is the highest common divisor of 140 and 96956020?
140
What is the highest common factor of 4425 and 2977140?
885
What is the greatest common factor of 5223205 and 535?
535
Calculate the greatest common divisor of 1557 and 105011.
173
Calculate the greatest common factor of 59169 and 17346681.
363
Calculate the greatest common factor of 81066 and 150.
6
Calculate the greatest common divisor of 512 and 9432.
8
Calculate the greatest common factor of 27915 and 86640.
15
Calculate the greatest common factor of 54218600 and 500.
100
What is the highest common divisor of 621 and 75789?
27
What is the highest common factor of 67 and 143946083?
67
What is the highest common factor of 966627 and 999?
27
Calculate the greatest common factor of 1140116 and 5900.
236
What is the highest common divisor of 1156614 and 15609?
129
What is the greatest common factor of 434741 and 1115891?
239
Calculate the greatest common divisor of 3516176 and 5648.
16
What is the greatest common divisor of 47347 and 32?
1
Calculate the greatest common divisor of 437619 and 10257.
39
Calculate the greatest common divisor of 473 and 823822681.
473
Calculate the greatest common factor of 45619 and 1413657.
133
Calculate the highest common factor of 186432768 and 216.
72
What is the highest common factor of 2496810 and 2460?
30
What is the highest common factor of 67032 and 1010002?
266
What is the greatest common factor of 1152 and 7357761?
9
What is the greatest common divisor of 581 and 1871816?
83
Calculate the greatest common divisor of 71505 and 188874.
63
Calculate the greatest common factor of 1952 and 85799672.
488
What is the highest common divisor of 6136 and 149?
1
What is the highest common factor of 19545911 and 13787?
811
What is the highest common factor of 5543214 and 834?
6
What is the highest common factor of 85698795 and 1470?
735
Calculate the highest common divisor of 3943728 and 90032.
272
Calculate the greatest common factor of 143133947 and 803.
803
What is the greatest common divisor of 65275 and 2757589?
373
What is the greatest common divisor of 27714986 and 8838?
982
Calculate the highest common divisor of 4852857 and 6.
3
Calculate the greatest common factor of 923 and 379964.
13
Calculate the highest common divisor of 29 and 813017349.
29
What is the greatest common factor of 739810 and 490?
10
Calculate the greatest common factor of 20322 and 31986.
18
What is the greatest common divisor of 38016 and 1612160?
1408
What is the greatest common divisor of 8476 and 446276233?
2119
Calculate the greatest common divisor of 86785 and 2192405.
85
Calculate the highest common factor of 933660513 and 4769.
4769
Calculate the highest common divisor of 82 and 449850524.
82
Calculate the greatest common factor of 503999874 and 18676.
9338
What is the highest common factor of 125153015 and 65?
65
What is the greatest common divisor of 58 and 5955527?
29
Calculate the highest common divisor of 4176 and 21413136.
1392
Calculate the greatest common divisor of 12382983 and 81.
27
What is the highest common factor of 14708483 and 317?
317
Calculate the greatest common divisor of 751502 and 143106.
782
What is the greatest common factor of 136864 and 4746154?
658
Calculate the greatest common divisor of 546 and 668532.
6
What is the highest common factor of 10830 and 338565?
15
Calculate the greatest common divisor of 3380 and 420615.
65
Calculate the highest common divisor of 2534850 and 80100.
450
Calculate the greatest common divisor of 22100 and 498940.
260
What is the greatest common factor of 478088 and 3237?
13
What is the highest common factor of 273449 and 39633?
11
What is the highest common divisor of 272 and 14404984?
136
Calculate the highest common factor of 16723 and 9527.
7
What is the highest common factor of 1780164 and 1060?
212
Calculate the greatest common factor of 1595 and 731170.
55
Calculate the highest common factor of 7342789 and 137.
137
What is the greatest common divisor of 1371470926 and 2569?
2569
Calculate the greatest common divisor of 2071 and 4897043.
109
Calculate the greatest common divisor of 20 and 26790350.
10
Calculate the highest common divisor of 2508 and 129786492.
2508
What is the greatest common divisor of 162 and 102121317?
81
Calculate the greatest common factor of 7574096 and 56.
8
Calculate the highest common factor of 132369732 and 396.
396
What is the highest common factor of 1035 and 149817285?
1035
What is the greatest common divisor of 50473209 and 3?
3
What is the highest common factor of 4200756 and 82474?
602
Calculate the greatest common divisor of 32093964 and 421344.
4788
What is the greatest common divisor of 42363 and 14159702?
523
What is the greatest common factor of 13602573 and 45018?
549
What is the highest common factor of 48366286 and 13547?
437
Calculate the highest common factor of 95887195 and 6194.
163
What is the greatest common divisor of 4400 and 21764765?
55
What is the greatest common divisor of 72726 and 124527?
93
Calculate the highest common divisor of 6678 and 7304472.
126
What is the highest common factor of 10288917 and 9?
9
Calculate the greatest common divisor of 35242 and 938603.
67
What is the highest common divisor of 250371 and 2339887?
3091
Calculate the highest common factor of 15 and 25641650.
5
What is the highest common divisor of 348 and 438939969?
87
Calculate the highest common factor of 69105 and 1106955.
255
Calculate the greatest common divisor of 15111 and 2259336.
69
Calculate the highest common divisor of 11944 and 326.
2
What is the greatest common divisor of 134 and 24925675?
67
What is the greatest common factor of 8964 and 189504?
36
What is the highest common divisor of 3368 and 44159532?
1684
What is the greatest common factor of 92420 and 68480?
20
What is the highest common factor of 1976611 and 490?
49
What is the highest common factor of 13 and 184448251?
13
What is the highest common factor of 6602635 and 61465?
3235
Calculate the greatest common divisor of 6501320 and 50.
10
Calculate the highest common divisor of 2267298 and 12177.
297
Calculate the highest common divisor of 174934622 and 904.
226
Calculate the highest common divisor of 15640 and 289993752.
3128
What is the greatest common factor of 11120949 and 171?
9
Calculate the greatest common divisor of 11631 and 3210784074.
11631
Calculate the highest common divisor of 21158748 and 108.
36
Calculate the highest common factor of 1561200 and 15300.
300
Calculate the greatest common factor of 192 and 236972.
4
Calculate the greatest common factor of 4408 and 737306324.
2204
What is the highest common divisor of 110742975 and 49?
7
Calculate the highest common divisor of 10671 and 180869893.
3557
What is the greatest common divisor of 1983929238 and 786?
786
Calculate the highest common divisor of 38 and 994567274.
38
Calculate the greatest common factor of 4853115 and 1515.
15
Calculate the highest common divisor of 23966811 and 182122.
2221
Calculate the greatest common factor of 3257740 and 92.
4
What is the greatest common factor of 492 and 2224578?
246
What is the greatest common factor of 4482 and 4348287?
747
Calculate the greatest common divisor of 1953592 and 48.
8
What is the highest common factor of 1312225172 and 5576?
2788
What is the highest common factor of 324 and 3234141?
27
What is the highest common divisor of 2703322 and 482473?
3683
What is the greatest common factor of 12851608 and 434?
434
What is the highest common factor of 3081 and 360951?
237
Calculate the greatest common factor of 13790 and 34314.
14
Calculate the greatest common divisor of 77179 and 181704.
113
Calculate the greatest common factor of 3 and 191719005.
3
Calculate the greatest common factor of 4400 and 119268600.
2200
Calculate the highest common divisor of 360 and 8515680.
120
What is the greatest common factor of 35924097 and 3?
3
What is the highest common factor of 35 and 